 = -v**2 + 20*v - 5. Determine p(15).
70
Let m(s) = -5*s - 21. What is m(-8)?
19
Let n(a) = 5*a**2 + 7. What is n(-4)?
87
Let f(k) = k**3 + 11*k - 24. Determine f(4).
84
Let x(d) = -2*d**2 + 27*d + 52. Give x(15).
7
Let z(j) = j - 10. Give z(-13).
-23
Let c(j) = -3*j + 11. What is c(9)?
-16
Let k(z) = z**2 + 22*z + 89. Calculate k(-13).
-28
Let b(k) = -k**2 - k + 1. Give b(-3).
-5
Let i(b) = -b**2 + 8*b + 3. What is i(9)?
-6
Let z(q) = q**3 + q**2 - 6*q + 5. Give z(-3).
5
Let i(s) = -s**2 + 36*s + 83. Give i(38).
7
Let l(c) = -c**3 - 5*c**2 + 7*c - 12. What is l(-6)?
-18
Let y(h) = h**3 + 3*h**2 + 3*h + 4. Give y(-4).
-24
Let q(d) = -31*d**3 - 2*d**2 + 4*d - 3. Determine q(1).
-32
Let n(h) = -h**3 + 10*h**2 + 11*h + 22. Give n(11).
22
Let v(o) = -o**3 + 6*o**2 + 5*o + 6. Give v(7).
-8
Let p(y) = -y**3 + 9*y**2 - 11*y - 16. Calculate p(7).
5
Let g(n) = 3*n**2 - 3*n + 2. What is g(1)?
2
Let o(i) = 2*i**3 - 16*i**2 - 19*i + 4. Give o(9).
-5
Let f(d) = d**3 - 3*d**2 - d - 6. Give f(3).
-9
Let t(s) = 6*s - 5. Give t(6).
31
Let x(f) = 2*f**2 + 16*f + 25. Give x(-4).
-7
Let f(a) = -2*a + 23. Calculate f(14).
-5
Let j(s) = -6*s**2 - s - 1. Calculate j(2).
-27
Let p(q) = -q**2 - 22*q - 1. Calculate p(-9).
116
Let r(c) = c**3 + 3*c**2 - 4*c - 4. What is r(-2)?
8
Let m(o) = 7*o - 19. Calculate m(3).
2
Let h(m) = -6*m**3 + m**2 + 2*m. Calculate h(2).
-40
Let t(x) = -2*x**2 + 25*x - 23. Calculate t(12).
-11
Let c(x) = 2*x**2 + 19*x + 10. Give c(-9).
1
Let z(b) = -b**3 - 7*b**2 - 2*b + 5. Calculate z(-7).
19
Let z(c) = -4*c + 36. Give z(15).
-24
Let g(b) = b**2 + 3*b + 14. Give g(0).
14
Let u(m) = -36*m**2 - m + 1. Calculate u(1).
-36
Let l(m) = -4*m - 32. Determine l(-6).
-8
Let x(m) = -10*m**2 - 2*m - 1. Give x(-1).
-9
Let f(b) = 24*b. Give f(-1).
-24
Let a(i) = 9*i + 4. Determine a(4).
40
Let a(x) = 13*x - 17. Give a(8).
87
Let i(y) = -7*y**2 - 42*y + 59. Calculate i(-7).
10
Let j(d) = 2*d**2 + 25*d - 1. Calculate j(-12).
-13
Let r(j) = 8*j + 8. What is r(8)?
72
Let c(p) = -p**3 - 6*p**2 - p - 4. Determine c(-6).
2
Let x(v) = -5*v - 35. Determine x(-5).
-10
Let l(h) = h**3 - 13*h**2 + 12*h + 3. Determine l(12).
3
Let w(j) = j**3 - 5*j**2 - 6*j + 3. Give w(6).
3
Let n(s) = 6*s**2 + 3*s + 4. Determine n(-1).
7
Let j(n) = n**3 + 5*n**2 + n - 5. What is j(-4)?
7
Let q(j) = j**3 - 28*j**2 + 50*j + 44. Give q(26).
-8
Let v(c) = -2*c - 5. Calculate v(6).
-17
Let b(g) = -g**2 - 6*g + 7. Give b(-6).
7
Let h(x) = x**2 + 6*x + 7. Determine h(-10).
47
Let k(i) = -4*i**3 - 58*i**2 - 26*i + 34. Calculate k(-14).
6
Let f(h) = -h**2 - 27*h + 103. Determine f(-30).
13
Let y(n) = n**2 - 2*n + 17. What is y(6)?
41
Let i(r) = -r**2 + 11*r + 3. Determine i(5).
33
Let r(q) = -q**3 - 29*q**2 + 59*q - 90. What is r(-31)?
3
Let y(a) = a**3 - 10*a**2 - 12*a + 7. What is y(11)?
-4
Let q(v) = 9*v**2 - 20*v + 21. Calculate q(1).
10
Let y(m) = m**3 - 18*m**2 + 12*m + 63. Determine y(17).
-22
Let n(g) = -2*g**2 + 6*g - 7. Calculate n(3).
-7
Let s(t) = t**2 + 2*t + 2. Calculate s(-5).
17
Let v(h) = -6*h**2 + h + 2. Calculate v(2).
-20
Let a(m) = -m**2 + m + 6. What is a(-4)?
-14
Let u(w) = w**2 - 9*w + 4. Calculate u(10).
14
Let a(s) = 3*s**3 - 24*s**2 + s - 18. Calculate a(8).
-10
Let p(f) = -f**3 + 5*f**2 + 4*f - 5. Calculate p(6).
-17
Let p(f) = f**3 + 4*f**2 - 11*f - 14. What is p(-6)?
-20
Let d(t) = -2*t**3 - 19*t**2 + 32*t + 12. What is d(-11)?
23
Let w(l) = 3*l**2 - 4*l + 3. Give w(3).
18
Let g(b) = -b + 2. Calculate g(-7).
9
Let m(o) = -o + 27. What is m(29)?
-2
Let t(j) = 9*j + 2. What is t(4)?
38
Let a(w) = -2*w - 4. Calculate a(7).
-18
Let d(y) = -y**2 + 67. What is d(-9)?
-14
Let l(h) = -h**3 - 3*h**2 - 2*h - 6. What is l(0)?
-6
Let s(m) = 37*m + 230. Calculate s(-6).
8
Let x(s) = 9*s - 1. What is x(-5)?
-46
Let y(z) = -2*z**2 - z + 123. Give y(-8).
3
Let k(j) = 3*j - 27. What is k(10)?
3
Let j(c) = -c - 41. What is j(33)?
-74
Let w(s) = -3*s**3 + 21*s**2 - s + 13. What is w(7)?
6
Let h(i) = 36*i - 3. Determine h(-1).
-39
Let g(d) = d**3 + 2*d**2 - 7*d - 9. Determine g(-3).
3
Let o(v) = 2*v**2 - 23*v. Calculate o(12).
12
Let b(l) = -4*l + 235. Determine b(60).
-5
Let j(r) = -r**2 + 9*r + 21. Calculate j(10).
11
Let q(u) = -u**3 - 4*u**2 + 2*u + 13. What is q(-4)?
5
Let r(f) = 5*f - 51. What is r(10)?
-1
Let y(g) = 44*g**3 + g**2 + 2*g + 2. What is y(-1)?
-43
Let y(i) = -i**2 - 26*i + 18. Calculate y(-30).
-102
Let j(y) = -y**3 + 7*y**2 - 2*y + 15. Calculate j(7).
1
Let k(b) = -b**3 - 3*b**2 - 3. Calculate k(-4).
13
Let i(o) = o**2 + 9*o + 3. Give i(-5).
-17
Let a(l) = -2*l**2 - 24*l - 23. Calculate a(-10).
17
Let f(w) = -4*w + 12. Determine f(-6).
36
Let m(k) = k**3 + 20*k**2 - 5*k - 94. Determine m(-20).
6
Let t(a) = a**3 - 35*a**2 - 35*a - 43. Determine t(36).
-7
Let i(g) = 20*g - 28. Give i(7).
112
Let y(r) = r - 19. What is y(0)?
-19
Let h(d) = 3*d**2 + 7*d + 9. Give h(-6).
75
Let d(i) = 37*i + 377. What is d(-10)?
7
Let o(u) = -u**3 + 3*u**2 + 4*u + 2. Give o(4).
2
Let b(r) = r**3 - 8*r**2 + 5*r - 7. Calculate b(8).
33
Let k(z) = z + 2. Calculate k(0).
2
Let z(n) = 29*n**3 - n**2 - 4*n - 4. Calculate z(-1).
-30
Let r(p) = 5*p + 4. Determine r(-3).
-11
Let j(i) = -i**2 + 6*i - 7. Give j(6).
-7
Let l(j) = j**2 + 3*j - 16. Give l(0).
-16
Let y(r) = 6*r**2 - 2*r. Determine y(2).
20
Let u(h) = 3*h**2 - 7*h + 5. Calculate u(4).
25
Let w(v) = -4*v**2 - 4*v + 4. What is w(-4)?
-44
Let s(w) = -w**2 - 8*w - 5. What is s(-8)?
-5
Let w(v) = 7*v + 1. Calculate w(2).
15
Let z(u) = 15*u. What is z(2)?
30
Let q(s) = -s - 11. Calculate q(-5).
-6
Let v(a) = a**2 + 10*a - 2. Give v(-5).
-27
Let d(p) = -p**3 - 7*p**2 - p + 3. What is d(-7)?
10
Let q(l) = l**2 + 2*l + 12. Determine q(4).
36
Let p(f) = -26*f + 1786. Determine p(69).
-8
Let g(k) = -k**2 + 2*k + 111. What is g(-9)?
12
Let o(l) = 51*l**3 - 2*l**2 + 1. What is o(-1)?
-52
Let v(h) = h - 5. Calculate v(5).
0
Let o(j) = -j**3 + 9*j**2 - 16*j + 4. Determine o(6).
16
Let b(x) = -x**2 - 9*x + 6. Give b(-10).
-4
Let s(g) = -g**3 + 6*g**2 - g + 2. Determine s(6).
-4
Let y(s) = -2*s - 16. What is y(-12)?
8
Let h(t) = t**3 - 12*t**2 - 12*t - 11. Give h(13).
2
Let v(w) = -w**3 - 24*w**2 - 26*w - 8. Determine v(-23).
61
Let w(s) = -s**2 + s - 22. What is w(0)?
-22
Let x(b) = -2*b**3 - 6*b**2 - b - 2. What is x(-4)?
34
Let t(j) = -15*j**2 + j. Give t(-1).
-16
Let x(l) = l**3 + 5*l**2 - 9. What is x(-3)?
9
Let m(o) = -5*o**3 - 2*o**2 + 1. What is m(-1)?
4
Let v(l) = -l**3 + 23*l**2 - 41*l - 49. Give v(21).
-28
Let k(v) = v**3 - 15*v**2 + 14*v - 6. Give k(14).
-6
Let m(g) = -109*g + 659. Determine m(6).
5
Let f(q) = -q**3 - 5*q**2 + 15*q - 17. Give f(-8).
55
Let a(u) = u**3 - 31*u**2 - 29*u - 100. Determine a(32).
-4
Let m(p) = p**3 + p**2 + 4*p - 14. Calculate m(0).
-14
Let h(s) = -6*s + 65. Determine h(10).
5
Let j(x) = -x**2 + 5*x + 12. What is j(-7)?
-72
Let c(a) = 8*a + 4. Determine c(-4).
-28
Let w(z) = -z**2 + 24*z - 114. Calculate w(18).
-6
Let i(r) = 3*r + 5. Calculate i(-8).
-19
Let h(g) = g**2 + 20*g + 3. Calculate h(-17).
-48
Let d(r) = 3*r**2 + r. What is d(-1)?
2
Let p(l) = l**2 - 20*l - 24. Determine p(21).
-3
Let o(x) = -2*x**3 - 25*x**2 - 16*x - 52. What is o(-12)?
-4
Let n(v) = -v**2 + 19*v - 36. What is n(17)?
-2
Let w(r) = -6*r**3 - 2. What is w(-1)?
4
Let p(a) = 2*a**2 + 3*a - 1. Give p(-3).
8
Let x(p) = -4*p**2 - 4*p + 2. Calculate x(3).
-46
Let q(p) = -5*p - 77. Determine q(-9).
-32
Let q(f) = -19*f - 6. What is q(-3)?
51
Let h(n) = -n**3 + 9*n**2 + 3*n - 4. What is h(7)?
115
Let d(x) = -x + 5. Determine d(8).
-3
Let f(m) = -6*m + 60. Give f(10).
0
Let j(f) = f**3 + 62*f**2 + 122*f + 113. Determine j(-60).
-7
Let t(x) = -24*x**3 + 3*x**2. Calculate t(2).
-180
Let j(l) = -l**3 + 11*l**2 + 26*l + 7. Give j(13).
7
Let i(o) = 2*o**3 + 10*o**2 + 3*o + 20. Determine i(-5).
5
Let a(h) = -h**3 + 10*h**2 + h - 62. Give a(10).
-52
Let x(i) = i - 25. Determine x(-8).
-33
Let m(s) = -6*s**2 - 15*s + 26. What is m(2)?
-28
Let a(f) = -f**2 - 10*f + 96. Give a(-14).
40
Let r(q) = q**3 + 11*q**2 + 4*q + 24. Give r(-11).
-20
Let k(w) = w**3 + w**2 + 1. Calculate k(0).
1
Let a(c) = c**3 + 11*c**2 - 39*c + 37. Calculate a(-14).
-5
Let f(c) = -c**2 + c + 15. Give f(0).
15
Let r(o) = -o**3 - o**2 - 2*o - 9. What is r(0)?
-9
Let s(a) = 